{"id":16210,"date":"2023-12-14T12:31:32","date_gmt":"2023-12-14T11:31:32","guid":{"rendered":"https:\/\/design-mobil.com\/product\/remax-induction-10w-rp-w18\/"},"modified":"2024-06-06T07:50:27","modified_gmt":"2024-06-06T05:50:27","slug":"remax-induction-10w-rp-w18","status":"publish","type":"product","link":"https:\/\/design-mobil.com\/product\/remax-induction-10w-rp-w18\/","title":{"rendered":"REMAX INDUCTION 10W RP-W18"},"content":{"rendered":"","protected":false},"excerpt":{"rendered":"<p><img decoding=\"async\" src=\"https:\/\/design-mobil.com\/wp-content\/uploads\/2023\/12\/remax-wireless-charger-10w-remax-by-ozmobiles_1220x1220_crop_center-300x300.webp\" alt=\"\" width=\"300\" height=\"300\" class=\"alignnone size-medium wp-image-16989\" srcset=\"https:\/\/design-mobil.com\/wp-content\/uploads\/2023\/12\/remax-wireless-charger-10w-remax-by-ozmobiles_1220x1220_crop_center-300x300.webp 300w, https:\/\/design-mobil.com\/wp-content\/uploads\/2023\/12\/remax-wireless-charger-10w-remax-by-ozmobiles_1220x1220_crop_center-1024x1024.webp 1024w, https:\/\/design-mobil.com\/wp-content\/uploads\/2023\/12\/remax-wireless-charger-10w-remax-by-ozmobiles_1220x1220_crop_center-150x150.webp 150w, https:\/\/design-mobil.com\/wp-content\/uploads\/2023\/12\/remax-wireless-charger-10w-remax-by-ozmobiles_1220x1220_crop_center-768x768.webp 768w, https:\/\/design-mobil.com\/wp-content\/uploads\/2023\/12\/remax-wireless-charger-10w-remax-by-ozmobiles_1220x1220_crop_center-600x600.webp 600w, https:\/\/design-mobil.com\/wp-content\/uploads\/2023\/12\/remax-wireless-charger-10w-remax-by-ozmobiles_1220x1220_crop_center-160x160.webp 160w, https:\/\/design-mobil.com\/wp-content\/uploads\/2023\/12\/remax-wireless-charger-10w-remax-by-ozmobiles_1220x1220_crop_center-64x64.webp 64w, https:\/\/design-mobil.com\/wp-content\/uploads\/2023\/12\/remax-wireless-charger-10w-remax-by-ozmobiles_1220x1220_crop_center.webp 1220w\" sizes=\"(max-width: 300px) 100vw, 300px\" \/><\/p>\n<ul>\n<li><span _msttexthash=\"238914\" _msthash=\"0\">Mat\u00e9riel\u00a0: ABS + PC<\/span><\/li>\n<li><span _msttexthash=\"276731\" _msthash=\"1\">Entr\u00e9e : 5V-2A ; 9v-2A<\/span><\/li>\n<li><span _msttexthash=\"124462\" _msthash=\"2\">Sortie : 10W<\/span><\/li>\n<li><span _msttexthash=\"1256528\" _msthash=\"3\">Port de charge du chargeur sans fil : Micro USB<\/span><\/li>\n<li><span _msttexthash=\"1102764\" _msthash=\"4\">Chargement sans fil. Facile et pratique.<\/span><\/li>\n<li><span _msttexthash=\"5168033\" _msthash=\"5\">Il suffit de mettre votre smartphone sur le chargeur sans fil et votre smartphone sera charg\u00e9.<\/span><\/li>\n<li><span _msttexthash=\"2442752\" _msthash=\"6\">Prend en charge tous les r\u00e9cepteurs de t\u00e9l\u00e9phone portable\u00a0Qi<\/span><\/li>\n<li><span _msttexthash=\"7751107\" _msthash=\"7\">Compatible avec tous les smartphones \u00e9quip\u00e9s d\u2019un r\u00e9cepteur\u00a0Qi.<\/span><\/li>\n<li><span _msttexthash=\"770536\" _msthash=\"8\">Protection contre la surcharge.<\/span><\/li>\n<\/ul>\n","protected":false},"featured_media":16989,"comment_status":"closed","ping_status":"closed","template":"","meta":{"_acf_changed":false},"product_brand":[],"product_cat":[220,221],"product_tag":[],"class_list":{"0":"post-16210","1":"product","2":"type-product","3":"status-publish","4":"has-post-thumbnail","6":"product_cat-accessoires","7":"product_cat-cable-et-chargeur","8":"pa_couleur-noir","10":"first","11":"instock","12":"taxable","13":"shipping-taxable","14":"purchasable","15":"product-type-simple"},"acf":[],"_links":{"self":[{"href":"https:\/\/design-mobil.com\/nov-apijson\/wp\/v2\/product\/16210","targetHints":{"allow":["GET"]}}],"collection":[{"href":"https:\/\/design-mobil.com\/nov-apijson\/wp\/v2\/product"}],"about":[{"href":"https:\/\/design-mobil.com\/nov-apijson\/wp\/v2\/types\/product"}],"replies":[{"embeddable":true,"href":"https:\/\/design-mobil.com\/nov-apijson\/wp\/v2\/comments?post=16210"}],"version-history":[{"count":2,"href":"https:\/\/design-mobil.com\/nov-apijson\/wp\/v2\/product\/16210\/revisions"}],"predecessor-version":[{"id":16990,"href":"https:\/\/design-mobil.com\/nov-apijson\/wp\/v2\/product\/16210\/revisions\/16990"}],"wp:featuredmedia":[{"embeddable":true,"href":"https:\/\/design-mobil.com\/nov-apijson\/wp\/v2\/media\/16989"}],"wp:attachment":[{"href":"https:\/\/design-mobil.com\/nov-apijson\/wp\/v2\/media?parent=16210"}],"wp:term":[{"taxonomy":"product_brand","embeddable":true,"href":"https:\/\/design-mobil.com\/nov-apijson\/wp\/v2\/product_brand?post=16210"},{"taxonomy":"product_cat","embeddable":true,"href":"https:\/\/design-mobil.com\/nov-apijson\/wp\/v2\/product_cat?post=16210"},{"taxonomy":"product_tag","embeddable":true,"href":"https:\/\/design-mobil.com\/nov-apijson\/wp\/v2\/product_tag?post=16210"}],"curies":[{"name":"wp","href":"https:\/\/api.w.org\/{rel}","templated":true}]}}

<p><img decoding="async" src="https://design-mobil.com/wp-content/uploads/2023/12/remax-wireless-charger-10w-remax-by-ozmobiles_1220x1220_crop_center-300x300.webp" alt="" width="300" height="300" class="alignnone size-medium wp-image-16989" srcset="https://design-mobil.com/wp-content/uploads/2023/12/remax-wireless-charger-10w-remax-by-ozmobiles_1220x1220_crop_center-300x300.webp 300w, https://design-mobil.com/wp-content/uploads/2023/12/remax-wireless-charger-10w-remax-by-ozmobiles_1220x1220_crop_center-1024x1024.webp 1024w, https://design-mobil.com/wp-content/uploads/2023/12/remax-wireless-charger-10w-remax-by-ozmobiles_1220x1220_crop_center-150x150.webp 150w, https://design-mobil.com/wp-content/uploads/2023/12/remax-wireless-charger-10w-remax-by-ozmobiles_1220x1220_crop_center-768x768.webp 768w, https://design-mobil.com/wp-content/uploads/2023/12/remax-wireless-charger-10w-remax-by-ozmobiles_1220x1220_crop_center-600x600.webp 600w, https://design-mobil.com/wp-content/uploads/2023/12/remax-wireless-charger-10w-remax-by-ozmobiles_1220x1220_crop_center-160x160.webp 160w, https://design-mobil.com/wp-content/uploads/2023/12/remax-wireless-charger-10w-remax-by-ozmobiles_1220x1220_crop_center-64x64.webp 64w, https://design-mobil.com/wp-content/uploads/2023/12/remax-wireless-charger-10w-remax-by-ozmobiles_1220x1220_crop_center.webp 1220w" sizes="(max-width: 300px) 100vw, 300px" /></p>
<ul>
<li><span _msttexthash="238914" _msthash="0">Matériel : ABS + PC</span></li>
<li><span _msttexthash="276731" _msthash="1">Entrée : 5V-2A ; 9v-2A</span></li>
<li><span _msttexthash="124462" _msthash="2">Sortie : 10W</span></li>
<li><span _msttexthash="1256528" _msthash="3">Port de charge du chargeur sans fil : Micro USB</span></li>
<li><span _msttexthash="1102764" _msthash="4">Chargement sans fil. Facile et pratique.</span></li>
<li><span _msttexthash="5168033" _msthash="5">Il suffit de mettre votre smartphone sur le chargeur sans fil et votre smartphone sera chargé.</span></li>
<li><span _msttexthash="2442752" _msthash="6">Prend en charge tous les récepteurs de téléphone portable Qi</span></li>
<li><span _msttexthash="7751107" _msthash="7">Compatible avec tous les smartphones équipés d’un récepteur Qi.</span></li>
<li><span _msttexthash="770536" _msthash="8">Protection contre la surcharge.</span></li>
</ul>
